{"id":8,"date":"2019-01-07T21:59:20","date_gmt":"2019-01-07T21:59:20","guid":{"rendered":"http:\/\/echtundlebendig.de\/?page_id=8"},"modified":"2019-07-24T09:39:47","modified_gmt":"2019-07-24T09:39:47","slug":"ueber-mich","status":"publish","type":"page","link":"http:\/\/echtundlebendig.de\/?page_id=8","title":{"rendered":"\u00dcber mich"},"content":{"rendered":"<p>Seit beinahe zwanzig Jahren bin ich von der Fotografie fasziniert. Zun\u00e4chst als eifriger Knipser im Privaten oder drau\u00dfen in der Natur &#8211; als ich 2010 zum Studium der \u00c4sthetik und Kunstphilosophie nach Paris zog, lernte ich in den Ausstellungsr\u00e4umen dort die gro\u00dfen Meister der Stra\u00dfenfotografie kennen und lieben. Davon inspiriert zog ich los und begann selbst mit Stra\u00dfenfotografie und machte Bilder in den Metropolen Europas &#8211; die Idee dahinter: aus den kleinen Szenen des Alltags Kunst machen.<\/p>\n<p>Nach meinen ersten Ausstellungen kamen immer wieder Menschen auf mich zu, denen mein Blick f\u00fcr Details und mein Stil gefielen und fragten, ob ich nicht ihre Hochzeit fotografieren k\u00f6nnte.<\/p>\n<p>Ich sagte aus dem Bauch heraus zu und hatte noch keine Ahnung von der Komplexit\u00e4t dieser Auftr\u00e4ge. Nach meinem ersten Shoot, begann ich mich Schritt f\u00fcr Schritt mit allen Feldern zu besch\u00e4ftigen, in denen ich noch nicht zufrieden mit meinem K\u00f6nnen war. Alles, was ich an B\u00fcchern und Kursen in die Finger bekommen konnte, verschlang ich, besuchte Workshops bei Profis und wuchs vor allem beim Fotografieren selbst.<\/p>\n<p>Heute bringe ich all diese Erfahrungen mit, die Freude, eure wichtigen und wunderbaren Momente in Bilder zu fassen &#8211; und zugleich freue ich mich \u00fcber die immer wieder neuen Herausforderungen eines so individuellen Festes wie es eine Hochzeit ist. Immer im Moment pr\u00e4sent zu sein, die Freude, die Tr\u00e4nen der R\u00fchrung, das ausgelassene Feiern im richtigen Moment aus dem besten Winkel einzufangen und damit f\u00fcr die Tage und Jahre danach wieder zug\u00e4nglich zu machen. Im Anschluss das Leuchten in den Augen des Paares zu sehen, wenn sie das erste Mal ihre Bilder betrachten: Deshalb liebe ich es, Hochzeiten zu fotografieren.<\/p>\n<p>Ich liebe es, mit Menschen zu sein, zu leben und in Kontakt zu sein. Neben der Fotografie bin ich P\u00e4dagoge und Trainer f\u00fcr wertsch\u00e4tzende Kommunikation und arbeite mit Kindern, Jugendlichen und Erwachsenen an einem friedlichen Miteinander. ( <a href=\"http:\/\/gewaltfreie-kommunikation-wuerzburg.de\">http:\/\/gewaltfreie-kommunikation-wuerzburg.de<\/a> ) Kommunikation und mit vielen verschiedenen Menschen sein und einen Blick auf deren Bed\u00fcrfnisse zu haben, ist also fester Bestandteil meines Alltags &#8211; all diese Erfahrungen waren auch auf Hochzeiten schon von Nutzen.. \ud83d\ude09<\/p>\n<p>&nbsp;<\/p>\n","protected":false},"excerpt":{"rendered":"<p>Seit beinahe zwanzig Jahren bin ich von der Fotografie fasziniert. Zun\u00e4chst als eifriger Knipser im Privaten oder drau\u00dfen in der Natur &#8211; als ich 2010 zum Studium der \u00c4sthetik und Kunstphilosophie nach Paris zog, lernte ich in den Ausstellungsr\u00e4umen dort die gro\u00dfen Meister der Stra\u00dfenfotografie &hellip; <a href=\"http:\/\/echtundlebendig.de\/?page_id=8\" class=\"more-link\"><span>Continue reading<span class=\"screen-reader-text\">\u00dcber mich<\/span><\/span><\/a><\/p>\n","protected":false},"author":1,"featured_media":112,"parent":0,"menu_order":0,"comment_status":"closed","ping_status":"closed","template":"","meta":{"ngg_post_thumbnail":0,"jetpack_post_was_ever_published":false,"footnotes":""},"class_list":["post-8","page","type-page","status-publish","has-post-thumbnail","hentry"],"jetpack_sharing_enabled":true,"jetpack_shortlink":"https:\/\/wp.me\/PaBOrk-8","_links":{"self":[{"href":"http:\/\/echtundlebendig.de\/index.php?rest_route=\/wp\/v2\/pages\/8","targetHints":{"allow":["GET"]}}],"collection":[{"href":"http:\/\/echtundlebendig.de\/index.php?rest_route=\/wp\/v2\/pages"}],"about":[{"href":"http:\/\/echtundlebendig.de\/index.php?rest_route=\/wp\/v2\/types\/page"}],"author":[{"embeddable":true,"href":"http:\/\/echtundlebendig.de\/index.php?rest_route=\/wp\/v2\/users\/1"}],"replies":[{"embeddable":true,"href":"http:\/\/echtundlebendig.de\/index.php?rest_route=%2Fwp%2Fv2%2Fcomments&post=8"}],"version-history":[{"count":11,"href":"http:\/\/echtundlebendig.de\/index.php?rest_route=\/wp\/v2\/pages\/8\/revisions"}],"predecessor-version":[{"id":348,"href":"http:\/\/echtundlebendig.de\/index.php?rest_route=\/wp\/v2\/pages\/8\/revisions\/348"}],"wp:featuredmedia":[{"embeddable":true,"href":"http:\/\/echtundlebendig.de\/index.php?rest_route=\/wp\/v2\/media\/112"}],"wp:attachment":[{"href":"http:\/\/echtundlebendig.de\/index.php?rest_route=%2Fwp%2Fv2%2Fmedia&parent=8"}],"curies":[{"name":"wp","href":"https:\/\/api.w.org\/{rel}","templated":true}]}}

Über mich

<p>Seit beinahe zwanzig Jahren bin ich von der Fotografie fasziniert. Zunächst als eifriger Knipser im Privaten oder draußen in der Natur &#8211; als ich 2010 zum Studium der Ästhetik und Kunstphilosophie nach Paris zog, lernte ich in den Ausstellungsräumen dort die großen Meister der Straßenfotografie kennen und lieben. Davon inspiriert zog ich los und begann selbst mit Straßenfotografie und machte Bilder in den Metropolen Europas &#8211; die Idee dahinter: aus den kleinen Szenen des Alltags Kunst machen.</p>
<p>Nach meinen ersten Ausstellungen kamen immer wieder Menschen auf mich zu, denen mein Blick für Details und mein Stil gefielen und fragten, ob ich nicht ihre Hochzeit fotografieren könnte.</p>
<p>Ich sagte aus dem Bauch heraus zu und hatte noch keine Ahnung von der Komplexität dieser Aufträge. Nach meinem ersten Shoot, begann ich mich Schritt für Schritt mit allen Feldern zu beschäftigen, in denen ich noch nicht zufrieden mit meinem Können war. Alles, was ich an Büchern und Kursen in die Finger bekommen konnte, verschlang ich, besuchte Workshops bei Profis und wuchs vor allem beim Fotografieren selbst.</p>
<p>Heute bringe ich all diese Erfahrungen mit, die Freude, eure wichtigen und wunderbaren Momente in Bilder zu fassen &#8211; und zugleich freue ich mich über die immer wieder neuen Herausforderungen eines so individuellen Festes wie es eine Hochzeit ist. Immer im Moment präsent zu sein, die Freude, die Tränen der Rührung, das ausgelassene Feiern im richtigen Moment aus dem besten Winkel einzufangen und damit für die Tage und Jahre danach wieder zugänglich zu machen. Im Anschluss das Leuchten in den Augen des Paares zu sehen, wenn sie das erste Mal ihre Bilder betrachten: Deshalb liebe ich es, Hochzeiten zu fotografieren.</p>
<p>Ich liebe es, mit Menschen zu sein, zu leben und in Kontakt zu sein. Neben der Fotografie bin ich Pädagoge und Trainer für wertschätzende Kommunikation und arbeite mit Kindern, Jugendlichen und Erwachsenen an einem friedlichen Miteinander. ( <a href="http://gewaltfreie-kommunikation-wuerzburg.de">http://gewaltfreie-kommunikation-wuerzburg.de</a> ) Kommunikation und mit vielen verschiedenen Menschen sein und einen Blick auf deren Bedürfnisse zu haben, ist also fester Bestandteil meines Alltags &#8211; all diese Erfahrungen waren auch auf Hochzeiten schon von Nutzen.. 😉</p>
<p>&nbsp;</p>

<p>Seit beinahe zwanzig Jahren bin ich von der Fotografie fasziniert. Zunächst als eifriger Knipser im Privaten oder draußen in der Natur &#8211; als ich 2010 zum Studium der Ästhetik und Kunstphilosophie nach Paris zog, lernte ich in den Ausstellungsräumen dort die großen Meister der Straßenfotografie &hellip; <a href="http://echtundlebendig.de/?page_id=8" class="more-link"><span>Continue reading<span class="screen-reader-text">Über mich</span></span></a></p>
