{"id":12,"date":"2019-01-07T21:59:13","date_gmt":"2019-01-07T21:59:13","guid":{"rendered":"http:\/\/echtundlebendig.de\/?page_id=12"},"modified":"2019-01-12T23:25:35","modified_gmt":"2019-01-12T23:25:35","slug":"mein-service","status":"publish","type":"page","link":"http:\/\/echtundlebendig.de\/?page_id=12","title":{"rendered":"Mein Service"},"content":{"rendered":"<p>Zun\u00e4chst treffen wir uns zu einem Vorgespr\u00e4ch, um uns kennenzulernen, den Rahmen abzustecken und \u00fcber eure W\u00fcnsche und Vorstellungen zu sprechen, damit ihr am Ende begeistert von euren Fotos sein k\u00f6nnt.<\/p>\n<p>Je nach euren W\u00fcnschen begleite ich eure Hochzeit fotografisch f\u00fcr mehrere Stunden oder aber den ganzen Tag.<\/p>\n<p>Nach der Hochzeit mache ich pers\u00f6nlich die gesamte Auswahl und Post Production und lasse euch die Bilder digital in bester Qualit\u00e4t zukommen &#8211; so entstehen keine nervigen Folgekosten und ihr habt die volle Kontrolle dar\u00fcber, was mit euren Fotos geschehen soll.<\/p>\n<p>Schreibt mir, wenn ihr&#8230;<\/p>\n<p>&#8230;echte Fotos wollt, von allem was sich an eurem gro\u00dfen Tag abspielt, das volle Leben in all seiner Sch\u00f6nheit.<\/p>\n<p>&#8230; einen Fotografen um euch haben wollt, der Freude daran hat, Teil eurer Hochzeit zu sein, der wei\u00df, was er tut und die Ruhe bewahrt, wenn etwas Unvorhergesehenes geschieht.<\/p>\n<p>&#8230; einen Fotografen engagieren wollt, der sich nicht in den Mittelpunkt stellt, da er wei\u00df, dass die wichtigsten Personen ihr beiden seid und eure G\u00e4ste.<\/p>\n<p>&#8230; am Ende Fotos in H\u00e4nden halten wollt, die etwas besonderes sind: nat\u00fcrliche Momente mit echtem Lachen, Freude in den Augen, locker und entspannt, so wie es Spa\u00df macht.<\/p>\n<p><img loading=\"lazy\" decoding=\"async\" src=\"http:\/\/echtundlebendig.de\/wp-content\/uploads\/2019\/01\/Unbenannt.jpg\" class=\"alignnone size-full wp-image-282\" alt=\"Unbenannt\" width=\"1398\" height=\"927\" srcset=\"http:\/\/echtundlebendig.de\/wp-content\/uploads\/2019\/01\/Unbenannt.jpg 1398w, http:\/\/echtundlebendig.de\/wp-content\/uploads\/2019\/01\/Unbenannt-300x199.jpg 300w, http:\/\/echtundlebendig.de\/wp-content\/uploads\/2019\/01\/Unbenannt-768x509.jpg 768w, http:\/\/echtundlebendig.de\/wp-content\/uploads\/2019\/01\/Unbenannt-1024x679.jpg 1024w\" sizes=\"auto, (max-width: 1398px) 100vw, 1398px\" \/><img loading=\"lazy\" decoding=\"async\" src=\"http:\/\/echtundlebendig.de\/wp-content\/uploads\/2019\/01\/20160730-_MG_2653.jpg\" class=\"alignnone size-full wp-image-124\" alt=\"20160730-_MG_2653\" width=\"4983\" height=\"3322\" srcset=\"http:\/\/echtundlebendig.de\/wp-content\/uploads\/2019\/01\/20160730-_MG_2653.jpg 4983w, http:\/\/echtundlebendig.de\/wp-content\/uploads\/2019\/01\/20160730-_MG_2653-300x200.jpg 300w, http:\/\/echtundlebendig.de\/wp-content\/uploads\/2019\/01\/20160730-_MG_2653-768x512.jpg 768w, http:\/\/echtundlebendig.de\/wp-content\/uploads\/2019\/01\/20160730-_MG_2653-1024x683.jpg 1024w\" sizes=\"auto, (max-width: 4983px) 100vw, 4983px\" \/><img loading=\"lazy\" decoding=\"async\" src=\"http:\/\/echtundlebendig.de\/wp-content\/uploads\/2019\/01\/Esther-und-Alex-615.jpg\" class=\"alignnone size-full wp-image-81\" alt=\"Esther und Alex (615)\" width=\"5760\" height=\"3840\" srcset=\"http:\/\/echtundlebendig.de\/wp-content\/uploads\/2019\/01\/Esther-und-Alex-615.jpg 5760w, http:\/\/echtundlebendig.de\/wp-content\/uploads\/2019\/01\/Esther-und-Alex-615-300x200.jpg 300w, http:\/\/echtundlebendig.de\/wp-content\/uploads\/2019\/01\/Esther-und-Alex-615-768x512.jpg 768w, http:\/\/echtundlebendig.de\/wp-content\/uploads\/2019\/01\/Esther-und-Alex-615-1024x683.jpg 1024w\" sizes=\"auto, (max-width: 5760px) 100vw, 5760px\" \/><\/p>\n<p>&nbsp;<\/p>\n","protected":false},"excerpt":{"rendered":"<p>Zun\u00e4chst treffen wir uns zu einem Vorgespr\u00e4ch, um uns kennenzulernen, den Rahmen abzustecken und \u00fcber eure W\u00fcnsche und Vorstellungen zu sprechen, damit ihr am Ende begeistert von euren Fotos sein k\u00f6nnt. Je nach euren W\u00fcnschen begleite ich eure Hochzeit fotografisch f\u00fcr mehrere Stunden oder aber &hellip; <a href=\"http:\/\/echtundlebendig.de\/?page_id=12\" class=\"more-link\"><span>Continue reading<span class=\"screen-reader-text\">Mein Service<\/span><\/span><\/a><\/p>\n","protected":false},"author":1,"featured_media":135,"parent":0,"menu_order":0,"comment_status":"closed","ping_status":"closed","template":"","meta":{"ngg_post_thumbnail":0,"jetpack_post_was_ever_published":false,"footnotes":""},"class_list":["post-12","page","type-page","status-publish","has-post-thumbnail","hentry"],"jetpack_sharing_enabled":true,"jetpack_shortlink":"https:\/\/wp.me\/PaBOrk-c","_links":{"self":[{"href":"http:\/\/echtundlebendig.de\/index.php?rest_route=\/wp\/v2\/pages\/12","targetHints":{"allow":["GET"]}}],"collection":[{"href":"http:\/\/echtundlebendig.de\/index.php?rest_route=\/wp\/v2\/pages"}],"about":[{"href":"http:\/\/echtundlebendig.de\/index.php?rest_route=\/wp\/v2\/types\/page"}],"author":[{"embeddable":true,"href":"http:\/\/echtundlebendig.de\/index.php?rest_route=\/wp\/v2\/users\/1"}],"replies":[{"embeddable":true,"href":"http:\/\/echtundlebendig.de\/index.php?rest_route=%2Fwp%2Fv2%2Fcomments&post=12"}],"version-history":[{"count":6,"href":"http:\/\/echtundlebendig.de\/index.php?rest_route=\/wp\/v2\/pages\/12\/revisions"}],"predecessor-version":[{"id":304,"href":"http:\/\/echtundlebendig.de\/index.php?rest_route=\/wp\/v2\/pages\/12\/revisions\/304"}],"wp:featuredmedia":[{"embeddable":true,"href":"http:\/\/echtundlebendig.de\/index.php?rest_route=\/wp\/v2\/media\/135"}],"wp:attachment":[{"href":"http:\/\/echtundlebendig.de\/index.php?rest_route=%2Fwp%2Fv2%2Fmedia&parent=12"}],"curies":[{"name":"wp","href":"https:\/\/api.w.org\/{rel}","templated":true}]}}

<p>Zunächst treffen wir uns zu einem Vorgespräch, um uns kennenzulernen, den Rahmen abzustecken und über eure Wünsche und Vorstellungen zu sprechen, damit ihr am Ende begeistert von euren Fotos sein könnt.</p>
<p>Je nach euren Wünschen begleite ich eure Hochzeit fotografisch für mehrere Stunden oder aber den ganzen Tag.</p>
<p>Nach der Hochzeit mache ich persönlich die gesamte Auswahl und Post Production und lasse euch die Bilder digital in bester Qualität zukommen &#8211; so entstehen keine nervigen Folgekosten und ihr habt die volle Kontrolle darüber, was mit euren Fotos geschehen soll.</p>
<p>Schreibt mir, wenn ihr&#8230;</p>
<p>&#8230;echte Fotos wollt, von allem was sich an eurem großen Tag abspielt, das volle Leben in all seiner Schönheit.</p>
<p>&#8230; einen Fotografen um euch haben wollt, der Freude daran hat, Teil eurer Hochzeit zu sein, der weiß, was er tut und die Ruhe bewahrt, wenn etwas Unvorhergesehenes geschieht.</p>
<p>&#8230; einen Fotografen engagieren wollt, der sich nicht in den Mittelpunkt stellt, da er weiß, dass die wichtigsten Personen ihr beiden seid und eure Gäste.</p>
<p>&#8230; am Ende Fotos in Händen halten wollt, die etwas besonderes sind: natürliche Momente mit echtem Lachen, Freude in den Augen, locker und entspannt, so wie es Spaß macht.</p>
<p><img loading="lazy" decoding="async" src="http://echtundlebendig.de/wp-content/uploads/2019/01/Unbenannt.jpg" class="alignnone size-full wp-image-282" alt="Unbenannt" width="1398" height="927" srcset="http://echtundlebendig.de/wp-content/uploads/2019/01/Unbenannt.jpg 1398w, http://echtundlebendig.de/wp-content/uploads/2019/01/Unbenannt-300x199.jpg 300w, http://echtundlebendig.de/wp-content/uploads/2019/01/Unbenannt-768x509.jpg 768w, http://echtundlebendig.de/wp-content/uploads/2019/01/Unbenannt-1024x679.jpg 1024w" sizes="auto, (max-width: 1398px) 100vw, 1398px" /><img loading="lazy" decoding="async" src="http://echtundlebendig.de/wp-content/uploads/2019/01/20160730-_MG_2653.jpg" class="alignnone size-full wp-image-124" alt="20160730-_MG_2653" width="4983" height="3322" srcset="http://echtundlebendig.de/wp-content/uploads/2019/01/20160730-_MG_2653.jpg 4983w, http://echtundlebendig.de/wp-content/uploads/2019/01/20160730-_MG_2653-300x200.jpg 300w, http://echtundlebendig.de/wp-content/uploads/2019/01/20160730-_MG_2653-768x512.jpg 768w, http://echtundlebendig.de/wp-content/uploads/2019/01/20160730-_MG_2653-1024x683.jpg 1024w" sizes="auto, (max-width: 4983px) 100vw, 4983px" /><img loading="lazy" decoding="async" src="http://echtundlebendig.de/wp-content/uploads/2019/01/Esther-und-Alex-615.jpg" class="alignnone size-full wp-image-81" alt="Esther und Alex (615)" width="5760" height="3840" srcset="http://echtundlebendig.de/wp-content/uploads/2019/01/Esther-und-Alex-615.jpg 5760w, http://echtundlebendig.de/wp-content/uploads/2019/01/Esther-und-Alex-615-300x200.jpg 300w, http://echtundlebendig.de/wp-content/uploads/2019/01/Esther-und-Alex-615-768x512.jpg 768w, http://echtundlebendig.de/wp-content/uploads/2019/01/Esther-und-Alex-615-1024x683.jpg 1024w" sizes="auto, (max-width: 5760px) 100vw, 5760px" /></p>
<p>&nbsp;</p>

<p>Zunächst treffen wir uns zu einem Vorgespräch, um uns kennenzulernen, den Rahmen abzustecken und über eure Wünsche und Vorstellungen zu sprechen, damit ihr am Ende begeistert von euren Fotos sein könnt. Je nach euren Wünschen begleite ich eure Hochzeit fotografisch für mehrere Stunden oder aber &hellip; <a href="http://echtundlebendig.de/?page_id=12" class="more-link"><span>Continue reading<span class="screen-reader-text">Mein Service</span></span></a></p>
